actors of f.
13
Let g = -417 - -635. List the prime factors of g.
2, 109
Suppose 3 = a - 0. Suppose -2*g = a - 7. What are the prime factors of 0 + 1 + 26/g?
2, 7
Suppose -23*b = -279 - 6828. What are the prime factors of b?
3, 103
Suppose r + 36 = 62. List the prime factors of r.
2, 13
Suppose -3*w - w + 36 = 0. List the prime factors of w.
3
Suppose 0 = -5*l, -u + 2*l = 26 - 122. Suppose 3*i = 5*h + 65, 3*h - u = -5*i - h. What are the prime factors of i?
2, 5
Let i(u) = -2*u**2 - 2*u + 4. Let d(t) = t**2 - t. Let s(h) = -d(h) - i(h). What are the prime factors of s(-7)?
2, 3
Let s = -1 - -1. Let r be 150/8 - (-10)/40. Let f = r - s. What are the prime factors of f?
19
Let i = 53 - 49. Suppose 3*g + 2*g - 170 = 0. Suppose -3*b - 15 = 0, g = o - i*b - b. What are the prime factors of o?
3
Let c = 5 - 3. Suppose -b = -2*j - 16, c + 1 = -3*j. Suppose 2*p = 5*z - 3*z - 4, 2*p - b = -z. List the prime factors of z.
2, 3
Suppose -155*z + 157*z = 410. List the prime factors of z.
5, 41
Let g(w) = -w**3 - 8*w**2 - 2*w + 4. Let b(x) = 3*x**3 + 25*x**2 + 6*x - 12. Let z(j) = -2*b(j) - 7*g(j). List the prime factors of z(-5).
11
Let q(f) = -16*f**3 + 16*f**2 + 16*f + 266. Let t(j) = -3*j**3 + 3*j**2 + 3*j + 53. Let d(m) = -2*q(m) + 11*t(m). What are the prime factors of d(0)?
3, 17
Let z(n) be the second derivative of n**4/12 + 2*n**3/3 + 3*n**2/2 + 2*n. Let s be z(-3). List the prime factors of 8 + s + 3 + -3.
2
Suppose -2*i + 4*r + 96 = 0, 72 = 3*i + r - 51. What are the prime factors of i?
2, 3, 7
Let v(m) be the second derivative of m**3/6 - m**2/2 + m. List the prime factors of v(8).
7
Let o be -3 - 0 - -1*2. Let i(g) = -g - 8. Let d be i(-4). List the prime factors of (d + 1)/(o - 0).
3
Let j = -1 - -4. Suppose -6 = -j*g + 3. Suppose s + 8 = 5*c, 0 = -9*s + 4*s - g*c + 72. List the prime factors of s.
2, 3
Let y(c) = c**2 - 5*c - 6. Let g be y(6). Suppose -3*p + 7 = -2*z, g = z + 3*p + 2*p - 16. Let x = 8 + z. What are the prime factors of x?
3
Let p(z) = 4*z**3 + 2*z**2 - 4*z + 1. Let g be p(3). Let m = 175 - g. List the prime factors of m/(-9)*9/(-6).
2, 5
Let r = 3 + -4. Suppose 4*b - 4*i - 20 = 0, 3*b - i = -3*i + 40. Let f = b - r. What are the prime factors of f?
11
Suppose -4*g = -0*g - 4. Suppose g = n - 10. List the prime factors of n.
11
Suppose 0 = 9*l - 5*l - 300. List the prime factors of l.
3, 5
Let x(z) = 3*z**2. Let n be x(-1). Suppose -26 = -j - 4*u, -4*j + 32 = -n*u - 34. List the prime factors of j.
2, 3
Let u(g) be the third derivative of g**4/12 - 7*g**3/6 - g**2. List the prime factors of u(6).
5
Suppose 0 = -0*d + d + 21. What are the prime factors of 69/21 + 6/d?
3
Let v(r) = -6*r - 1. What are the prime factors of v(-6)?
5, 7
What are the prime factors of 72/(-3)*2/((-6)/3)?
2, 3
Let w(y) be the third derivative of -y**4/12 + y**3/6 + 3*y**2. Let i be w(-1). Suppose 3*b + 6 = -2*h + 7*b, -h + i*b = 6. What are the prime factors of h?
3
List the prime factors of (1/3)/(5/345).
23
Suppose 2*p = 2 - 4. List the prime factors of ((-36)/21)/(p/7).
2, 3
Let x(l) = 3*l**2 + 6*l + 3. What are the prime factors of x(-4)?
3
Suppose 74 + 36 = 2*a. What are the prime factors of a?
5, 11
Let s be 0/3 - (0 - 0). Let a(g) = 10*g + 0 + s*g - g - 3 - g**2. List the prime factors of a(6).
3, 5
Suppose 3*b - 8*b + 15 = 0. Suppose -b*y + 21 + 9 = 0. List the prime factors of y.
2, 5
Let r = 14 - 13. Let m(i) = i**2 - 9*i + 6. Let w be m(8). What are the prime factors of (r - w) + 0/(-2)?
3
Suppose -n = -h + 7, n + n - 3*h + 19 = 0. What are the prime factors of (5/(-2))/(n/4)?
5
Let v be ((-6)/(-4))/(9/12). Let l be ((-1)/(-2))/(v/(-68)). List the prime factors of (-1)/(-1)*(2 - l).
19
Let w(d) = 2*d**3 + 13*d**2 - 11*d - 15. What are the prime factors of w(-6)?
3, 29
Let z = -7 - -13. Suppose -2*k - z*b + 2*b = -92, 4*k - 202 = b. List the prime factors of k.
2, 5
Suppose 2*o - 20 - 42 = 0. Let x = o + -9. Suppose -x = -3*l + 29. What are the prime factors of l?
17
Suppose 3*g + g - 16 = 0. Suppose 2*v + 3*l + l - 14 = 0, -g*l + 11 = 3*v. List the prime factors of ((-8)/(-6) + -2)*v.
2
Suppose -j = j + p - 7, 16 = 5*j + 3*p. Suppose y + 4*s = 36, -3*y + 57 = -y + j*s. List the prime factors of y.
2
List the prime factors of 24/(-9) + 2 - 3232/(-24).
2, 67
Let u = 64 + -32. List the prime factors of u.
2
Let b(d) = -2*d**3 + d**2 - 2*d - 3. Let g be b(-2). Suppose j - g = 1. What are the prime factors of j?
2, 11
Let s(w) = -w**3 + 3*w**2 - 4*w - 3. Let n be s(4). List the prime factors of (-539)/n - 4/10.
3, 5
Let r be 1/(4 + 0 + -3). Let v(z) = 6*z + 1. Let p be v(r). Suppose 3*c - p = -2*t, -3*c - 21 = -t - c. What are the prime factors of t?
11
Suppose -4*l - 5070 = -17*l. List the prime factors of l.
2, 3, 5, 13
Suppose 2*h - 3*i = 48 + 2, -i = 5*h - 125. What are the prime factors of h?
5
Let y(l) = 2*l**3 - 2*l**2 - l. Let u(n) = 2*n**3 - 3*n**2 - n. Let x(s) = -2*u(s) + 3*y(s). Let h be x(2). Let q = h + -4. What are the prime factors of q?
2, 5
What are the prime factors of (-750)/18*(2 - (8 - -3))?
3, 5
Let j(b) be the third derivative of -b**5/60 - b**4/6 + b**3/3 + 2*b**2. List the prime factors of j(-4).
2
Let m(n) = -n**2 - 6*n. Let l be m(-6). Suppose l = -3*f + 3*u + 9, -6*u - 4 = -3*f - 2*u. Suppose -2 = 2*b - f. List the prime factors of b.
3
Let j(u) = u**3 + 5*u**2 + 2*u - 3. Let i = 4 + -8. Let h be j(i). Suppose 0 = 5*p + h - 65. What are the prime factors of p?
2, 3
Let s = -14 - -18. Suppose 0 = s*r - 68 - 64. What are the prime factors of r?
3, 11
Let y = 1 + 1. Suppose -23 = -4*r + 5*u, y*u = r + 2*r - 19. Let i = r + 2. What are the prime factors of i?
3
Let t be (8/(-4))/(-2 + 0). Let f be (t/(-2))/((-1)/(-2)). List the prime factors of f/(-2) + 29/2.
3, 5
Let m(i) = 14*i + 41. Let g(a) = 5*a + 14. Let r(v) = 17*g(v) - 6*m(v). Let b be r(6). List the prime factors of -2 + 4 - b*1.
2
Suppose -n + 5*n - 36 = 0. Suppose 2*h - h = q - n, -3*q = 3*h - 9. Suppose 0 = 2*v - 3*a - 9, -a = -v - q*a + 24. What are the prime factors of v?
3
Let v = -11 - -21. Let o be 30/(-5)*2/(-6). Suppose -v - o = -2*h. List the prime factors of h.
2, 3
Let a be ((-2)/(-6))/(1/9). Suppose 0*c = c - a. Suppose 0 = c*g + 2*g - 95. What are the prime factors of g?
19
Let q(i) = 2*i**3 - 3*i**3 + 8 + 0*i**2 + 6*i**2. Let j(w) = w**3 - 5*w**2 + 7*w - 6. Let m be j(4). List the prime factors of q(m).
2
Suppose 3*k = 5*n + 32, 5*k - 5*n = -3*n + 28. Let w be (-6)/9*1*-18. Suppose k*z - w = -0. List the prime factors of z.
3
What are the prime factors of 2/(60/5466) + (-2)/10?
2, 7, 13
Let j(n) be the third derivative of -7*n**4/6 - 3*n**2. Let i be j(-1). List the prime factors of 2/10 + i/10.
3
Let w(m) = -3*m - 2. Let i be 17 - (1 + 1 - 3). Suppose -4*x - i = 3*f, 3 = -x - 4*f - 8. List the prime factors of w(x).
7
Let o be (-25)/(-10)*24/10. List the prime factors of -1*51/o*-2.
17
Let o(f) = f**2 - f + 1. Let b be o(2). Suppose -s + 52 = 5*y, y - 5*s - 30 = -b*y. List the prime factors of y.
2, 5
Let q = -76 + 34. Let g = q - -62. Suppose -5*z - g = 0, 2*z + 0 = -5*j + 7. List the prime factors of j.
3
Let o be (-1)/(3 - 4) - -3. Suppose -o*p + 68 = -5*z, -5*p - 6*z + 118 = -4*z. What are the prime factors of p?
2, 11
Let m(t) = -75*t**3 + t**2 + 4*t + 3. List the prime factors of m(-1).
3, 5
Let x(g) = 5*g - 30. Let v be x(7). Let j(y) = y**2 + y. Let s(c) = c**3 - 6*c**2 - 7*c + 3. Let f(o) = 2*j(o) + s(o). List the prime factors of f(v).
3
Suppose 323 = 4*o - 277. Suppose -5*b + 0*b = -o. List the prime factors of b.
2, 3, 5
Suppose -19*o + 74 = -17*o. List the prime factors of o.
37
Let w(f) = 11*f**2 + f. Let o be w(1). Let m = o + -5. List the prime factors of (0 + 2 - 1)*m.
7
Suppose f = -3*f + 40. List the prime factors of f.
2, 5
Let a(n) = -2*n**2 + 12*n - 2 + 8 - n**2 + 2*n**2. What are the prime factors of a(11)?
17
Let w(n) = 72*n**2 + 3*n - 2. What are the prime factors of w(1)?
73
Suppose -5*x = -2*x - 18. List the prime factors of ((-304)/(-24))/(4/x).
19
Suppose 3*p + 27 = -2*j + 5*j, 0 = p - 4*j + 15. Let k = 7 - p. What are the prime factors of k?
2, 7
Let g be (-140)/6*90/(-25). Let f = -48 + g. List the prime factors of f.
2, 3
Let p(f) = f**3 - 7*f**2 + 7*f + 5. List the prime factors of p(6).
11
Suppose 5*h = 3*g 